{"id":69245,"date":"2019-08-27T15:44:20","date_gmt":"2019-08-27T13:44:20","guid":{"rendered":"https:\/\/jobs.ims-chips.de\/?page_id=69245"},"modified":"2025-05-09T10:04:25","modified_gmt":"2025-05-09T08:04:25","slug":"impressum","status":"publish","type":"page","link":"https:\/\/jobs.ims-chips.de\/?page_id=69245","title":{"rendered":"Impressum"},"content":{"rendered":"<p>[et_pb_section fb_built=&#8220;1&#8243; fullwidth=&#8220;on&#8220; _builder_version=&#8220;4.3.4&#8243; module_alignment=&#8220;center&#8220; global_module=&#8220;69380&#8243; saved_tabs=&#8220;all&#8220;][et_pb_fullwidth_header text_orientation=&#8220;center&#8220; logo_image_url=&#8220;https:\/\/jobs.ims-chips.de\/wp-content\/uploads\/2019\/08\/ims_chips96_blau.png&#8220; _builder_version=&#8220;4.3.4&#8243; background_color=&#8220;#ffffff&#8220; custom_padding=&#8220;4px||2px|||&#8220; link_option_url=&#8220;https:\/\/jobs.ims-chips.de\/&#8220;]<\/p>\n<h2 style=\"text-align: center;\"><span style=\"color: #777777;\">Institut f\u00fcr Mikroelektronik Stuttgart<\/span><\/h2>\n<p>[\/et_pb_fullwidth_header][\/et_pb_section][et_pb_section fb_built=&#8220;1&#8243; _builder_version=&#8220;3.26.6&#8243; background_color=&#8220;#ffffff&#8220; custom_padding=&#8220;0px|||||&#8220;][et_pb_row _builder_version=&#8220;3.26.6&#8243;][et_pb_column type=&#8220;4_4&#8243; _builder_version=&#8220;3.26.6&#8243;][et_pb_text _builder_version=&#8220;3.27.4&#8243; custom_padding=&#8220;40px|||||&#8220; inline_fonts=&#8220;Georgia&#8220;]<\/p>\n<h2>Impressum<\/h2>\n<p>[\/et_pb_text][et_pb_text _builder_version=&#8220;3.27.4&#8243; inline_fonts=&#8220;Georgia&#8220;]<\/p>\n<p><strong>Verantwortlich f\u00fcr den Inhalt gem\u00e4\u00df \u00a710 Abs. 3 MDStV <\/strong><br \/> Das Institut f\u00fcr Mikroelektronik Stuttgart (IMS CHIPS) ist eine Stiftung des b\u00fcrgerlichen Rechts<br \/> und wird durch den Institutsleiter Prof. Dr. Niels Quack\u00a0gesetzlich vertreten.<\/p>\n<p><strong>Zust\u00e4ndige Aufsichtsbeh\u00f6rde <\/strong><br \/> Wirtschaftsministerium Baden-W\u00fcrttemberg<br \/> Theodor-Heuss-Stra\u00dfe 4<br \/> 70174 Stuttgart<\/p>\n<p><strong>Gestaltung, Umsetzung und inhaltliche Betreuung der Homepage<\/strong><\/p>\n<p>Institut f\u00fcr Mikroelektronik Stuttgart<br \/> IMS CHIPS<br \/> Allmandring 30a<br \/> 70569 Stuttgart<\/p>\n<p>Tel.: +49 711 21855-0<br \/> Fax: +49 711 21855-111<\/p>\n<p><a title=\"IMS CHIPS\" href=\"https:\/\/www.ims-chips.de\/\"><span style=\"text-decoration: underline;\">https:\/\/www.ims-chips.de<\/span> <\/a><\/p>\n<p>Sollten Verweise auf andere Websites ins Leere f\u00fchren oder keine aktuellen Informationen mehr bieten,<br \/> bitten wir um Mitteilung an: <span style=\"text-decoration: underline;\"><a href=\"mailto:info@ims-chips.de\">info@ims-chips.de<\/a><\/span><\/p>\n<p><strong>Gesetzlicher Hinweis <\/strong><br \/> Sie werden eventuell um die Angabe pers\u00f6nlicher Informationen gebeten. Die Beantwortung dieser Fragen ist freiwillig.<br \/> S\u00e4mtliche auf dieser Website erhobenen pers\u00f6nlichen Daten werden ausschlie\u00dflich zu Ihrer individuellen Betreuung,<br \/> der \u00dcbersendung von Produktinformationen oder der Unterbreitung von Service-Angeboten gespeichert und\/oder verarbeitet.<br \/> IMS sichert zu, dass Ihre Angaben entsprechend den geltenden datenschutzrechtlichen Bestimmungen vertraulich<br \/> behandelt werden. IMS haftet nicht f\u00fcr Inhalte und Darstellungen anderer Websites, auf die Sie \u00fcber die IMS-Website<br \/> gelangen k\u00f6nnen. Wenn Sie per Hyperlink auf eine Nicht-IMS-Website zugreifen, ist das eine unabh\u00e4ngige Site,<br \/> auf deren Inhalt wir keinen Einfluss haben.<\/p>\n<p><strong>Copyrights <\/strong><br \/>\u00a9 Copyright 2019 Institut f\u00fcr Mikroelektronik Stuttgart, Deutschland. Alle Rechte vorbehalten.<br \/> Text, Bilder, Grafiken, Sound, Animationen und Videos sowie deren Anordnung auf den IMS-Websites unterliegen dem Schutz des<br \/> Urheberrechts und anderer Schutzgesetze. Der Inhalt dieser Websites darf nicht zu kommerziellen Zwecken kopiert, verbreitet,<br \/> ver\u00e4ndert oder Dritten zug\u00e4nglich gemacht werden. Einige IMS-Websites enthalten au\u00dferdem Bilder, die dem Copyright Dritter unterliegen.<\/p>\n<p><strong>Markenzeichen <\/strong><br \/> Soweit nicht anders angegeben, sind alle Markenzeichen auf den IMS-Websites markenrechtlich gesch\u00fctzt.<br \/> Dies gilt insbesondere f\u00fcr IMS-Marken, Firmenlogos und Embleme. Andere Firmen-, Produkt- und Warenzeichen<br \/> sind Eigentum des jeweils eingetragenen Inhabers.<\/p>\n<p><strong>Keine Garantie<\/strong><br \/> Die Websites wurden mit gr\u00f6\u00dftm\u00f6glicher Sorgfalt zusammengestellt. Trotzdem kann IMS f\u00fcr die Fehlerfreiheit und Genauigkeit der darin<br \/> enthaltenen Informationen nicht garantieren.<br \/> IMS schlie\u00dft jegliche Haftung f\u00fcr Sch\u00e4den, die direkt oder indirekt aus der Benutzung der Websites entstehen, aus.<\/p>\n<p>&nbsp;<\/p>\n<p>&nbsp;<\/p>\n<p>[\/et_pb_text][\/et_pb_column][\/et_pb_row][\/et_pb_section]<\/p>\n","protected":false},"excerpt":{"rendered":"<p>[et_pb_section fb_built=&#8220;1&#8243; fullwidth=&#8220;on&#8220; _builder_version=&#8220;4.3.4&#8243; module_alignment=&#8220;center&#8220; global_module=&#8220;69380&#8243; saved_tabs=&#8220;all&#8220;][et_pb_fullwidth_header text_orientation=&#8220;center&#8220; logo_image_url=&#8220;https:\/\/jobs.ims-chips.de\/wp-content\/uploads\/2019\/08\/ims_chips96_blau.png&#8220; _builder_version=&#8220;4.3.4&#8243; background_color=&#8220;#ffffff&#8220; custom_padding=&#8220;4px||2px|||&#8220; link_option_url=&#8220;https:\/\/jobs.ims-chips.de\/&#8220;] Institut f\u00fcr Mikroelektronik Stuttgart [\/et_pb_fullwidth_header][\/et_pb_section][et_pb_section fb_built=&#8220;1&#8243; _builder_version=&#8220;3.26.6&#8243; background_color=&#8220;#ffffff&#8220; custom_padding=&#8220;0px|||||&#8220;][et_pb_row _builder_version=&#8220;3.26.6&#8243;][et_pb_column type=&#8220;4_4&#8243; _builder_version=&#8220;3.26.6&#8243;][et_pb_text _builder_version=&#8220;3.27.4&#8243; custom_padding=&#8220;40px|||||&#8220; inline_fonts=&#8220;Georgia&#8220;] Impressum [\/et_pb_text][et_pb_text _builder_version=&#8220;3.27.4&#8243; inline_fonts=&#8220;Georgia&#8220;] Verantwortlich f\u00fcr den Inhalt gem\u00e4\u00df \u00a710 Abs. 3 MDStV Das Institut f\u00fcr Mikroelektronik Stuttgart (IMS CHIPS) ist eine Stiftung des b\u00fcrgerlichen Rechts und [&hellip;]<\/p>\n","protected":false},"author":3,"featured_media":0,"parent":0,"menu_order":0,"comment_status":"closed","ping_status":"closed","template":"","meta":{"_et_pb_use_builder":"on","_et_pb_old_content":"<!-- wp:paragraph -->\n<p>Dies ist eine Beispiel-Seite. Sie unterscheidet sich von Beitr\u00e4gen, da sie stets an derselben Stelle bleibt und (bei den meisten Themes) in der Website-Navigation angezeigt wird. Die meisten starten mit einem Impressum, der Datenschutzerkl\u00e4rung oder einer &#8222;\u00dcber uns&#8220;-Seite, um sich m\u00f6glichen Besucher der Website vorzustellen. Dort k\u00f6nnte zum Beispiel stehen:<\/p>\n<!-- \/wp:paragraph -->\n\n<!-- wp:quote -->\n<blockquote class=\"wp-block-quote\"><p>Hallo! Ich bin tags\u00fcber im Kurierdienst t\u00e4tig, nachts widme ich mich der Schauspielkunst, und das ist meine Website. Ich lebe in einer Gro\u00dfstadt, habe einen tollen Hund und ich mag Getr\u00e4nke mit Schirmchen (aber nicht ohne Schirm im Regen zu stehen).<\/p><\/blockquote>\n<!-- \/wp:quote -->\n\n<!-- wp:paragraph -->\n<p>...oder so etwas wie das hier:<\/p>\n<!-- \/wp:paragraph -->\n\n<!-- wp:quote -->\n<blockquote class=\"wp-block-quote\"><p>Das Unternehmen XYZ wurde 1971 gegr\u00fcndet und versorgt die \u00d6ffentlichkeit seither mit qualitativ hochwertigen Produkten. An seinem Standort in einer kleinen Gro\u00dfstadt besch\u00e4ftigt der Betrieb \u00fcber 2.000 Menschen und unterst\u00fctzt die Stadtbewohner in vielfacher Hinsicht.<\/p><\/blockquote>\n<!-- \/wp:quote -->\n\n<!-- wp:paragraph -->\n<p>Als neuer WordPress-Benutzer solltest du dein <a href=\"https:\/\/jobs.ims-chips.de\/wp-admin\/\">Dashboard<\/a> aufrufen, um diese Seite zu l\u00f6schen und neue Seiten f\u00fcr deinen Inhalt zu erstellen. Viel Spa\u00df!<\/p>\n<!-- \/wp:paragraph -->","_et_gb_content_width":"","footnotes":""},"class_list":["post-69245","page","type-page","status-publish","hentry"],"_links":{"self":[{"href":"https:\/\/jobs.ims-chips.de\/index.php?rest_route=\/wp\/v2\/pages\/69245","targetHints":{"allow":["GET"]}}],"collection":[{"href":"https:\/\/jobs.ims-chips.de\/index.php?rest_route=\/wp\/v2\/pages"}],"about":[{"href":"https:\/\/jobs.ims-chips.de\/index.php?rest_route=\/wp\/v2\/types\/page"}],"author":[{"embeddable":true,"href":"https:\/\/jobs.ims-chips.de\/index.php?rest_route=\/wp\/v2\/users\/3"}],"replies":[{"embeddable":true,"href":"https:\/\/jobs.ims-chips.de\/index.php?rest_route=%2Fwp%2Fv2%2Fcomments&post=69245"}],"version-history":[{"count":13,"href":"https:\/\/jobs.ims-chips.de\/index.php?rest_route=\/wp\/v2\/pages\/69245\/revisions"}],"predecessor-version":[{"id":70059,"href":"https:\/\/jobs.ims-chips.de\/index.php?rest_route=\/wp\/v2\/pages\/69245\/revisions\/70059"}],"wp:attachment":[{"href":"https:\/\/jobs.ims-chips.de\/index.php?rest_route=%2Fwp%2Fv2%2Fmedia&parent=69245"}],"curies":[{"name":"wp","href":"https:\/\/api.w.org\/{rel}","templated":true}]}}